e prime factors of 3711789414.
2, 3, 67, 709, 1447
List the prime factors of 4499642055.
3, 5, 47, 829, 7699
What are the prime factors of 393425157?
3, 59, 2222741
What are the prime factors of 29308651?
227, 129113
List the prime factors of 191214124.
2, 47803531
List the prime factors of 62801598.
2, 3, 31, 101, 3343
What are the prime factors of 271358152?
2, 13, 19, 89, 1543
What are the prime factors of 12955480?
2, 5, 419, 773
List the prime factors of 22230203.
17, 293, 4463
List the prime factors of 840350423.
11, 76395493
What are the prime factors of 232533896?
2, 7, 53, 78347
What are the prime factors of 2519629839?
3, 491, 570181
List the prime factors of 1343645732.
2, 11, 13, 2349031
List the prime factors of 693655366.
2, 346827683
What are the prime factors of 24576634?
2, 379, 32423
List the prime factors of 1013601882.
2, 3, 168933647
What are the prime factors of 132566292?
2, 3, 31, 118787
What are the prime factors of 1185768124?
2, 29, 2399, 4261
List the prime factors of 1258076521.
13, 29, 3337073
List the prime factors of 43257196.
2, 3191, 3389
List the prime factors of 589170058.
2, 14683, 20063
What are the prime factors of 69287?
193, 359
What are the prime factors of 577828884?
2, 3, 263, 183089
What are the prime factors of 464959893?
3, 10453, 14827
What are the prime factors of 32872711?
32872711
List the prime factors of 8675233.
7, 1239319
What are the prime factors of 246570748?
2, 7417, 8311
What are the prime factors of 5899981329?
3, 11, 4327, 4591
What are the prime factors of 378969278?
2, 1451, 130589
What are the prime factors of 349504172?
2, 29, 41, 43, 1709
List the prime factors of 144112551.
3, 11, 4367047
What are the prime factors of 90961439?
90961439
What are the prime factors of 537878591?
3671, 146521
List the prime factors of 817330551.
3, 601, 453317
What are the prime factors of 12169804?
2, 19, 47, 3407
List the prime factors of 3990621668.
2, 11, 47, 113, 17077
What are the prime factors of 2860822873?
1999, 1431127
List the prime factors of 3113171090.
2, 5, 19, 16385111
List the prime factors of 41041427.
7, 31, 6101
What are the prime factors of 1646916960?
2, 3, 5, 13, 19, 29, 479
List the prime factors of 190578763.
190578763
List the prime factors of 25725269.
83, 281, 1103
List the prime factors of 52199831.
157, 503, 661
What are the prime factors of 67762516?
2, 101, 167729
What are the prime factors of 17238951?
3, 1915439
What are the prime factors of 1869323036?
2, 7, 66761537
List the prime factors of 31797553.
31797553
What are the prime factors of 22410890?
2, 5, 101, 22189
List the prime factors of 964950355.
5, 593, 325447
What are the prime factors of 2459414656?
2, 23, 835399
What are the prime factors of 77408484?
2, 3, 6450707
What are the prime factors of 516001298?
2, 79, 3265831
What are the prime factors of 94771241?
2371, 39971
What are the prime factors of 25369676?
2, 6342419
What are the prime factors of 320519166?
2, 3, 11, 4856351
What are the prime factors of 636312658?
2, 1091, 291619
List the prime factors of 215734863.
3, 71911621
List the prime factors of 641656865.
5, 61, 2103793
List the prime factors of 1018447078.
2, 11, 113, 37243
What are the prime factors of 37272616?
2, 37, 125921
List the prime factors of 519990920.
2, 5, 3187, 4079
List the prime factors of 1653922809.
3, 7, 11, 17, 29, 47, 103
What are the prime factors of 1417178409?
3, 29, 16289407
List the prime factors of 90363398.
2, 17, 37, 109, 659
List the prime factors of 3709908737.
311, 11928967
List the prime factors of 635881267.
7, 90840181
List the prime factors of 1227686887.
7, 175383841
List the prime factors of 129279740.
2, 5, 61, 105967
What are the prime factors of 61520202?
2, 3, 1139263
List the prime factors of 3827727104.
2, 14952059
What are the prime factors of 1633620897?
3, 181513433
List the prime factors of 202327300.
2, 5, 7, 289039
List the prime factors of 70296289.
7, 10042327
List the prime factors of 896925767.
283, 3169349
What are the prime factors of 412747652?
2, 103186913
List the prime factors of 688906827.
3, 7, 17, 43, 2137
List the prime factors of 14110615.
5, 23, 122701
List the prime factors of 1793597609.
97, 18490697
List the prime factors of 3895242054.
2, 3, 11, 937, 62987
What are the prime factors of 370620142?
2, 71, 271, 9631
What are the prime factors of 3272033773?
2531, 1292783
What are the prime factors of 1794980091?
3, 598326697
What are the prime factors of 3098161706?
2, 18713, 82781
List the prime factors of 325648525.
5, 227, 57383
List the prime factors of 190160230.
2, 5, 13, 1109, 1319
What are the prime factors of 1513366210?
2, 5, 151336621
List the prime factors of 1301157880.
2, 5, 11, 2957177
What are the prime factors of 526236249?
3, 7, 11, 2278079
What are the prime factors of 118572354?
2, 3, 6587353
What are the prime factors of 816083741?
11, 74189431
What are the prime factors of 1245133363?
17, 227, 307, 1051
What are the prime factors of 3062989531?
7, 1493, 293081
List the prime factors of 895365792.
2, 3, 17, 47, 1297
What are the prime factors of 131008483?
23, 5696021
List the prime factors of 77481165.
3, 5, 5165411
List the prime factors of 32169488.
2, 13, 11897
List the prime factors of 811899397.
811899397
What are the prime factors of 23401654?
2, 19, 615833
List the prime factors of 2610691447.
7, 13, 19, 29, 52067
List the prime factors of 502974317.
269, 1869793
List the prime factors of 39444585.
3, 5, 2629639
What are the prime factors of 263693476?
2, 19, 1223, 2837
What are the prime factors of 3385450542?
2, 3, 31, 71, 269, 953
List the prime factors of 28737285.
3, 5, 829, 2311
What are the prime factors of 656177802?
2, 3, 7, 443, 35267
What are the prime factors of 1979552817?
3, 11, 97, 68713
List the prime factors of 44997863.
44997863
What are the prime factors of 59687570?
2, 5, 71, 84067
List the prime factors of 3750395072.
2, 29, 2020687
List the prime factors of 49019110.
2, 5, 7, 71, 1409
List the prime factors of 56693399.
7, 83, 97579
What are the prime factors of 1217321478?
2, 3, 313, 433, 499
List the prime factors of 24917343.
3, 11, 755071
List the prime factors of 72433177.
881, 82217
List the prime factors of 448050981.
3, 7, 21335761
List the prime factors of 34704410.
2, 5, 13, 266957
List the prime factors of 1675338624.
2, 3, 859, 1693
List the prime factors of 227462751.
3, 47, 163, 3299
What are the prime factors of 229303686?
2, 3, 193, 198017
List the prime factors of 138712279.
1949, 71171
List the prime factors of 2660846919.
3, 17, 101, 433, 1193
List the prime factors of 9908144.
2, 17, 73, 499
What are the prime factors of 182970588?
2, 3, 379, 40231
What are the prime factors of 3911562?
2, 3, 217309
List the prime factors of 581808417.
3, 12479, 15541
What are the prime factors of 2777061926?
2, 19, 131, 571, 977
What are the prime factors of 832661333?
7, 31, 41, 3019
List the prime factors of 149487562.
2, 7, 17, 36947
What are the prime factors of 4316156677?
7, 691, 892321
What are the prime factors of 2589771385?
5, 449, 1153573
What are the prime factors of 214013112?
2, 3, 19, 41, 11447
List the prime factors of 3749341539.
3, 73, 1997, 8573
List the prime factors of 2110557222.
2, 3, 3547, 3673
What are the prime factors of 53224862?
2, 373, 71347
What are the prime factors of 2753991440?
2, 5, 257, 133949
What are the prime factors of 1090660444?
2, 272665111
List the prime factors of 14601913.
47, 67, 4637
List the prime factors of 15647754.
2, 3, 19, 317, 433
What are the prime factors of 576530614?
2, 11, 29, 809, 1117
What are the prime factors of 24577778?
2, 41, 193, 1553
List the prime factors of 514317569.
47, 10942927
What are the prime factors of 298692540?
2, 3, 5, 19, 87337
List the prime factors of 3242560776.
2, 3, 7, 13, 53, 109, 257
List the prime factors of 105177545.
5, 11, 383, 4993
What are the prime factors of 228862407?
3, 107, 712967
List the prime factors of 1684282610.
2, 5, 168428261
What are the prime factors of 59038699?
43, 587, 2339
List the prime factors of 993810915.
3, 5, 79, 279553
List the prime factors of 1100006.
2, 67, 8209
What are the prime factors of 2686461302?
2, 7, 31, 6190003
List the prime fa